s digit of l?
0
Let g = 128 - 90. Let k = g + -11. What is the units digit of 2/(-8) - k/(-12)?
2
Let b = -1 + 5. Let x be (-104)/28 - b/14. Let n = 7 + x. What is the units digit of n?
3
Let a(p) = p**2 - 3*p - 54. What is the units digit of a(-18)?
4
Let i = 16 - 11. Suppose i*c - 40 = c. What is the units digit of c?
0
Let q = 369 - 171. What is the hundreds digit of q?
1
Suppose 2*n + 4*j = 4, -4*n = -0*j - j - 17. Suppose v - 2 + n = 0. What is the units digit of 6 + v/2 + -2?
3
Let p(g) = 2*g**3 - 2*g**2 - 2*g + 2. Let i be p(2). Let d(z) be the third derivative of z**4/8 - 13*z**3/6 + 10*z**2. What is the units digit of d(i)?
5
Let a = -33 - -43. What is the tens digit of a?
1
Let t be ((-9)/6)/(3/(-16)). Let r = t - 14. What is the units digit of r/(-30) + (-84)/(-5)?
7
Let o = 33 - 19. Let p = -10 + o. Suppose 0 = -p*x - x + 10. What is the units digit of x?
2
Let u = 3 + 2. Suppose -2*h + 0*h - u*f + 2 = 0, -h = -5*f - 16. What is the units digit of h?
6
Let y(v) = -v + 24. What is the tens digit of y(0)?
2
Let k(l) = l + 10. Let d(v) = v**3 + 4*v**2 - 7*v - 2. Let w be d(-5). What is the units digit of k(w)?
8
Suppose -3*k - 3*a + 321 = 51, 0 = k + 2*a - 89. What is the units digit of k?
1
Suppose o = -2*m - 2 - 8, -2*m + o = 6. Let h be 4/(-3)*3*m. Suppose 14 = 5*x + 6*p - 2*p, 0 = 4*x + 2*p - h. What is the units digit of x?
6
Let t be (14/(-3))/((-8)/12). Let h(g) = -g + 12. Let y(i) = i - 12. Let w(r) = 5*h(r) + 4*y(r). What is the units digit of w(t)?
5
Suppose 5*t - 15 = -0*t. Suppose 3*l - 3*d = 42, 0 = -3*l - 0*d - t*d + 24. What is the units digit of l?
1
Let w be 2/(-3) + (-35)/15. Let b(k) = k**2 - 3*k. What is the tens digit of b(w)?
1
Let j(p) be the second derivative of 0 + p**2 - 3*p + 1/12*p**4 + 0*p**3. What is the units digit of j(3)?
1
Let i = 16 + -12. Suppose -2*n = -5*m + 145, -4*m + 5*n + 103 = i. What is the tens digit of m?
3
Suppose 0 = 4*d + 2*n - 26, -2*n - 12 + 3 = -3*d. Let g = 18 + -7. Suppose -3*k - g = 4*w - 41, -d*w = -4*k + 9. What is the units digit of k?
6
Suppose 773 + 1367 = 5*g. What is the tens digit of g?
2
Let g(v) = v**3 + 12*v**2 + 10*v + 9. What is the tens digit of g(-11)?
2
Let c(n) = 6*n**2 - 17*n + 15. What is the hundreds digit of c(6)?
1
Let s(r) = -r**3 - 8*r**2 - 3*r - 8. Let c be s(-8). Suppose 0*w = w - c. What is the tens digit of w?
1
Let y(x) = x**2 + 4*x + 8. What is the units digit of y(-4)?
8
Let m(s) = -47*s - 21. What is the units digit of m(-5)?
4
Let x = -8 - -14. Let b = -1 - -3. Suppose -5*h = -5*y, -h - b = 3*y - x*y. What is the units digit of h?
1
Suppose -h = -5*b + 8, b = -4*b + 5*h + 20. Let w = b - -1. What is the units digit of w?
2
Let z = -5 + 65. What is the tens digit of z?
6
Let f(p) = 15*p**3 + 10*p**2 - 19*p + 6. Let c(n) = -7*n**3 - 5*n**2 + 9*n - 3. Let b(k) = -13*c(k) - 6*f(k). What is the units digit of b(-4)?
1
Let z = -9 + 7. What is the units digit of (12/9)/(z/(-18))?
2
Let l be 13/3 - (-3)/(-9). Suppose 0*q - 4*v - 12 = -l*q, v - 39 = -5*q. Suppose 3 = -4*k + q. What is the units digit of k?
1
Suppose 10*w - 13*w + 84 = 0. What is the tens digit of w?
2
Suppose 3*s - 3*k + 2*k - 58 = 0, -s - 5*k = -30. What is the units digit of s?
0
Suppose -1 = f + 1. What is the units digit of 3/f*(-70)/15?
7
Let b = -67 + 96. What is the units digit of b?
9
Suppose v - 13 = -3*q + 23, 4*q - 136 = -5*v. Suppose 0 = 2*n - 6*n + v. What is the units digit of n?
6
What is the tens digit of 0 - -1 - -188 - (1 - 2)?
9
What is the tens digit of ((0 + 1)/1)/((-3)/(-147))?
4
Let w(l) = l - 3. Let p = 11 + -6. What is the units digit of w(p)?
2
Let z = -5 + -1. Let m = 35 - 49. What is the units digit of z/21 - 144/m?
0
Let c(s) = -s**3 - 8*s**2 - 2*s - 4. Let i(b) be the third derivative of b**4/12 + 2*b**3/3 + b**2. Let o be i(-6). What is the units digit of c(o)?
2
Suppose -4*x + 79 = -1. Let u = 32 - x. What is the tens digit of u?
1
Let y be 10/(-4)*2*-1. Suppose -4*q = -b + 12, 2*b + 2*b = y*q + 26. Suppose b*k - 21 = 3. What is the units digit of k?
6
Let z be (-12)/3 + 3 + 19. Let t = -5 + z. What is the units digit of t?
3
Let f = -9 - -11. What is the units digit of f?
2
Suppose -2*a + i = -773, 4*i + 761 = 2*a - i. What is the units digit of a?
8
Let j(u) = -2*u + 12. Let n(i) = 11 - 2*i + 2*i - i. Let k(q) = -2*j(q) + 3*n(q). What is the units digit of k(-6)?
3
Let c be (-17)/(-5) + (-4)/10. Let f(b) be the third derivative of b**6/120 - b**5/30 - b**3/3 + 3*b**2. What is the units digit of f(c)?
7
Let o be 2*-1*18/(-12). Suppose -4*z - 19 = -l + 23, 3*l = -2*z + 98. Suppose -2*n + a + l = 0, -a + 22 + 34 = o*n. What is the units digit of n?
8
Suppose 31 - 202 = -3*o. What is the units digit of o?
7
Let s(i) = -i**3 - 6. Let y be s(0). Let d be (3/2)/((-1)/2). What is the units digit of (0 + y/9)*d?
2
Suppose m - 2 = -6, 3*a = m + 16. Suppose x = -5*d + 63, -a*d + 4*x + 14 = -22. What is the tens digit of d?
1
Let k(z) be the first derivative of z**4/4 + 8*z**3/3 + 7*z**2/2 - 3*z - 3. Let m be k(-7). Let h = m - -7. What is the units digit of h?
4
Suppose 0 = -3*w + 4*y + 29, 4*w + 2*y = 7*y + 37. Suppose j - 36 = -4*x + 2*j, w*x - 3*j = 27. Let o = x + -5. What is the units digit of o?
4
Suppose 0 = 3*u - 3*s + 2*s - 435, -u = 4*s - 145. What is the hundreds digit of u?
1
Let x(y) = y**3 + 10*y**2 + 17*y + 1. What is the tens digit of x(-7)?
2
Let k(c) = -8*c - 9*c**2 + 6*c**2 + 2*c**2 + 13. What is the units digit of k(-9)?
4
Let h be ((-2)/(-4))/(4/48). Suppose m + 5 = -b, 2*b + 25 - h = m. Let y = b - -19. What is the tens digit of y?
1
Let t = 101 - 71. Let s be (9 - -1)*5/10. Suppose v = -s*r + t, -25 = -2*v - 2*r - 5. What is the units digit of v?
5
Let o(t) = -t**2 + 25*t + 8. What is the tens digit of o(16)?
5
Suppose a + 5*b - 110 = 0, 550 = -0*a + 5*a + 3*b. What is the units digit of 4420/a + (-2)/11?
0
Suppose 5*y = y - 176. Let h(s) = -2*s + 6. Let q be h(-3). What is the units digit of y/(-6) - (-8)/q?
8
Suppose 0 = 8*q - 0*q - 120. Let g = -9 + q. What is the units digit of g?
6
Let w(a) = -2*a - 4. Let t be w(-3). What is the units digit of t/1 - (-15)/5?
5
Let u(j) = 2*j**3 + 39*j**2 + 5*j - 17. What is the tens digit of u(-19)?
4
Let o(l) = l**3 + l**2 + 2*l + 1. Let r be o(-1). Let y = r + 17. What is the units digit of y?
6
Let j(c) = 4*c**2 + 2*c - 9. Let f be j(7). Suppose 21 - f = -2*y. Suppose y = 5*w - 0*w. What is the tens digit of w?
1
Let s(z) = z**2 + 10*z + 5. Let v be s(-10). Let h(c) = c**2 - 6*c + 7. What is the units digit of h(v)?
2
Let b(l) = -2*l**3 + 7*l**2 - 4. Let x(k) = k**3 - k. Let u(i) = b(i) + 3*x(i). What is the units digit of u(-6)?
0
Let v(f) be the second derivative of -5*f**3/6 + f**2/2 - 3*f. What is the units digit of v(-1)?
6
Suppose 522 = 3*z + n, -5*n = -3*z - n + 537. What is the units digit of z?
5
Let s = -3 - -7. What is the units digit of s?
4
Let y be ((-3)/4)/((-2)/8). Suppose -y*c - o = -78, c - o = -c + 57. What is the units digit of c?
7
What is the tens digit of ((-6)/4)/((-22)/748)?
5
Let g(y) = -y**3 + 8*y**2 - 9*y + 8. What is the units digit of g(6)?
6
Suppose 4*k - 2 = 3*k. Suppose 3*y + 5 = 4*l, -l + 6*l = k*y + 8. What is the units digit of l?
2
Suppose p + 3*v = -22, -2*p - p = 5*v + 78. Suppose -2*w + 2 = s + 20, w - s + 9 = 0. Let f = w - p. What is the tens digit of f?
2
Suppose 4*w = 3*u - 4, -5*u - 2*w + 3 = 5. Suppose -3*z = -3*m - 18, u*z - z + 3*m = -14. Suppose q - 3*d = -6 - 2, 0 = z*d - 8. What is the units digit of q?
4
Suppose -5*s = -5*x + 50, 0 = 4*x - 9*x + s + 34. Let k = -2 + 2. What is the units digit of 1 + k + (x - 3)?
4
Let r = 26 + -11. Suppose 4*x = 3*x. Suppose r = 3*j - x. What is the units digit of j?
5
What is the tens digit of (-7 + 0)/(5/(-20))?
2
Let w = -41 - -119. What is the tens digit of w?
7
Let y be (1 - 0)*2/2. Suppose -x = -y - 3. Let i(t) = 3*t - 3. What is the units digit of i(x)?
9
Let x(p) = -p**2 + 3 - 3*p - 6 + 8*p. Let z(u) = u**2 + 5*u - 10. Let m be z(-7). What is the units digit of x(m)?
1
Let v = -4 + 6. Suppose v*a - 84 = 30. What is the units digit of a?
7
Suppose -5*m = 4*i + 40, -3*m + 2*i = -5*m - 16. What is the units digit of (-1)/(2/m)*1?
4
Let l be (-2)/3 + (-150)/(-9). Suppose 3*x = -x + l. Let n(j) = -j**3 + 5*j**2